{"id":4,"date":"2014-11-25T13:48:39","date_gmt":"2014-11-25T13:48:39","guid":{"rendered":"http:\/\/swiss-policepatches.ch\/home_new\/?page_id=4"},"modified":"2026-04-16T15:49:16","modified_gmt":"2026-04-16T13:49:16","slug":"startseite","status":"publish","type":"page","link":"https:\/\/swiss-policepatches.ch\/home_new\/","title":{"rendered":"Polizei Armabzeichensammlung &#8211; Police Patch Collection"},"content":{"rendered":"<div dir=\"ltr\"><a href=\"https:\/\/swiss-policepatches.ch\/home_new\/wp-content\/uploads\/2026\/04\/Stephan-Bamert-retired.jpg\"><img loading=\"lazy\" decoding=\"async\" class=\"alignnone wp-image-37277\" src=\"https:\/\/swiss-policepatches.ch\/home_new\/wp-content\/uploads\/2026\/04\/Stephan-Bamert-retired-300x300.jpg\" alt=\"\" width=\"181\" height=\"181\" srcset=\"https:\/\/swiss-policepatches.ch\/home_new\/wp-content\/uploads\/2026\/04\/Stephan-Bamert-retired-300x300.jpg 300w, https:\/\/swiss-policepatches.ch\/home_new\/wp-content\/uploads\/2026\/04\/Stephan-Bamert-retired-150x150.jpg 150w, https:\/\/swiss-policepatches.ch\/home_new\/wp-content\/uploads\/2026\/04\/Stephan-Bamert-retired-768x768.jpg 768w, https:\/\/swiss-policepatches.ch\/home_new\/wp-content\/uploads\/2026\/04\/Stephan-Bamert-retired.jpg 1024w\" sizes=\"auto, (max-width: 181px) 100vw, 181px\" \/><\/a><a href=\"https:\/\/swiss-policepatches.ch\/home_new\/wp-content\/uploads\/2026\/04\/bamert_pensioniert.jpg\"><img loading=\"lazy\" decoding=\"async\" class=\"alignnone wp-image-37278\" src=\"https:\/\/swiss-policepatches.ch\/home_new\/wp-content\/uploads\/2026\/04\/bamert_pensioniert-298x300.jpg\" alt=\"\" width=\"181\" height=\"182\" srcset=\"https:\/\/swiss-policepatches.ch\/home_new\/wp-content\/uploads\/2026\/04\/bamert_pensioniert-298x300.jpg 298w, https:\/\/swiss-policepatches.ch\/home_new\/wp-content\/uploads\/2026\/04\/bamert_pensioniert-150x150.jpg 150w, https:\/\/swiss-policepatches.ch\/home_new\/wp-content\/uploads\/2026\/04\/bamert_pensioniert-768x774.jpg 768w, https:\/\/swiss-policepatches.ch\/home_new\/wp-content\/uploads\/2026\/04\/bamert_pensioniert.jpg 954w\" sizes=\"auto, (max-width: 181px) 100vw, 181px\" \/><\/a><\/div>\n<div dir=\"ltr\">Nach fast 41 Dienstjahren bin ich nun Pensioniert, juhui.<\/div>\n<div dir=\"ltr\"><em>After almost 41 years of service, I\u2019m now retired \u2013 hooray!<\/em><\/div>\n<div dir=\"ltr\"><\/div>\n<div dir=\"ltr\">&#8212;&#8212;&#8212;&#8212;&#8212;&#8212;&#8212;&#8212;&#8212;&#8212;&#8212;&#8212;&#8212;&#8212;&#8212;&#8212;&#8212;&#8212;&#8212;&#8212;&#8212;&#8212;&#8212;&#8212;&#8212;&#8212;&#8212;-<\/div>\n<div dir=\"ltr\"><\/div>\n<div dir=\"ltr\">\n<p><span style=\"color: #000000;\">Ich freue mich meine Sammlung<\/span> mit \u00fcber 23&#8217;711 Abzeichen aus 172 L\u00e4ndern zu pr\u00e4sentieren. Stetig kommen neue Abzeichen dazu und ich versuche laufend die Daten zu mutieren.<\/p>\n<\/div>\n<p><em><span class=\"hps\">I am glad<\/span> <span class=\"hps\">my collection with<\/span> <span class=\"hps\">over 23&#8217;711<\/span>\u00a0<span class=\"hps\">patches<\/span> <span class=\"hps\">from 172 countries<\/span> to <span class=\"hps\">present.<\/span> <span class=\"hps\">Steadily<\/span> <span class=\"hps\">come<\/span> <span class=\"hps\">new patches<\/span> <span class=\"hps\">to<\/span> <span class=\"hps\">and<\/span> <span class=\"hps\">I try<\/span> <\/em><span class=\"hps\"><em>constantly<\/em><\/span><em> <span class=\"hps\">to mutate<\/span> <span class=\"hps\">the data<\/span>.<\/em><\/p>\n<p><strong>Letzter \/ Last Up Date: April 16. 2026 (33 France)<\/strong><\/p>\n<p><span style=\"color: #ff0000;\"><strong>Siehe meine Tauschseite \/ watch me tradesite<\/strong><\/span><\/p>\n<p>Gerne tausche ich auch immer Abzeichen. Leider sind aber Schweizer\u00a0Abzeichen immer schwerer zu erhalten. Ich habe aber viele andere Abzeichen zum Tauschen, fragt mich einfach an. Ich verkaufe KEINE Abzeichen! Ich tausche ausschliesslich 1-1!<\/p>\n<p><em><span class=\"hps\">I am happy to<\/span> <span class=\"hps\">also<\/span> <span class=\"hps\">exchange<\/span> <span class=\"hps\">still<\/span> <span class=\"hps\">patches<\/span>. <span class=\"hps\">Unfortunately<\/span> <span class=\"hps\">Swiss<\/span> <span class=\"hps\">patches<\/span> <span class=\"hps\">are<\/span> <span class=\"hps\">increasingly difficult<\/span> <span class=\"hps\">to obtain<\/span>. <span class=\"hps\">But I have<\/span> <span class=\"hps\">many other<\/span> <span class=\"hps\">patches<\/span> <span class=\"hps\">for exchange,<\/span> <span class=\"hps\">I<\/span> <span class=\"hps\">simply<\/span> <span class=\"hps\">asks<\/span>. I sell NO Patches! I trade only 1-1!<\/em><\/p>\n<p>Besten Dank und viel Freude beim Besuch meiner Webseite.<\/p>\n<p><em><span class=\"hps\">Many thanks and<\/span> <span class=\"hps\">enjoyable visit<\/span> <span class=\"hps\">my Website<\/span>.<\/em><\/p>\n<p>Stephan<\/p>\n<p>Member of PICA GB and PICAA (Australia)<\/p>\n<p><a href=\"http:\/\/www.pica.co.uk\"><img loading=\"lazy\" decoding=\"async\" class=\"alignnone wp-image-21482\" src=\"https:\/\/swiss-policepatches.ch\/home_new\/wp-content\/uploads\/2018\/06\/pica_gb_logo.jpg\" alt=\"\" width=\"141\" height=\"95\" \/> <\/a><a href=\"https:\/\/swiss-policepatches.ch\/home_new\/wp-content\/uploads\/2022\/11\/logo_picaa.jpg\"><img loading=\"lazy\" decoding=\"async\" class=\"alignnone wp-image-28499\" src=\"https:\/\/swiss-policepatches.ch\/home_new\/wp-content\/uploads\/2022\/11\/logo_picaa-297x300.jpg\" alt=\"\" width=\"88\" height=\"89\" srcset=\"https:\/\/swiss-policepatches.ch\/home_new\/wp-content\/uploads\/2022\/11\/logo_picaa-297x300.jpg 297w, https:\/\/swiss-policepatches.ch\/home_new\/wp-content\/uploads\/2022\/11\/logo_picaa-150x150.jpg 150w, https:\/\/swiss-policepatches.ch\/home_new\/wp-content\/uploads\/2022\/11\/logo_picaa.jpg 424w\" sizes=\"auto, (max-width: 88px) 100vw, 88px\" \/><\/a><\/p>\n<p><span style=\"color: #ff0000;\"><strong>BLOG nicht benutzen \/ <\/strong><strong>Do not use BLOG<\/strong><\/span><\/p>\n<p>Liebe Sammler<br \/>\nDas Design dieser Seite wird kostenlos von WordPress zur Verf\u00fcgung gestellt.<br \/>\nIch l\u00f6sche jedes mal die Blogfunktion.<br \/>\nBei updates kann daher die &#8222;Blogfunktion&#8220; leider wieder erscheinen.<\/p>\n<p>Ich unterhalte den Blog aber nicht und l\u00f6sche alle Eintr\u00e4ge.<br \/>\nBitte normale Mailfunktion benutzen.<br \/>\nDanke.<\/p>\n<p><em>Dear collectors<\/em><br \/>\n<em>The design of this page is provided by WordPress for disposal free of charge.<\/em><br \/>\n<em>I delete every time the blog function.<\/em><br \/>\n<em>For updates, therefore, the &#8222;blog feature&#8220; unfortunately reappear.<\/em><\/p>\n<p><em>But I do not entertain the blog and delete all entries.<\/em><br \/>\n<em>Please use normal mail function.<\/em><br \/>\n<em>Thank you.<\/em><\/p>\n","protected":false},"excerpt":{"rendered":"<p>Nach fast 41 Dienstjahren bin ich nun Pensioniert, juhui. After almost 41 years of service, I\u2019m now retired \u2013 hooray! &#8212;&#8212;&#8212;&#8212;&#8212;&#8212;&#8212;&#8212;&#8212;&#8212;&#8212;&#8212;&#8212;&#8212;&#8212;&#8212;&#8212;&#8212;&#8212;&#8212;&#8212;&#8212;&#8212;&#8212;&#8212;&#8212;&#8212;- Ich freue mich meine Sammlung mit \u00fcber 23&#8217;711 Abzeichen aus 172 L\u00e4ndern zu pr\u00e4sentieren. Stetig kommen neue Abzeichen dazu &hellip; <a href=\"https:\/\/swiss-policepatches.ch\/home_new\/\">Weiterlesen <span class=\"meta-nav\">&rarr;<\/span><\/a><\/p>\n","protected":false},"author":1,"featured_media":0,"parent":0,"menu_order":0,"comment_status":"closed","ping_status":"closed","template":"","meta":{"footnotes":""},"class_list":["post-4","page","type-page","status-publish","hentry"],"_links":{"self":[{"href":"https:\/\/swiss-policepatches.ch\/home_new\/index.php?rest_route=\/wp\/v2\/pages\/4","targetHints":{"allow":["GET"]}}],"collection":[{"href":"https:\/\/swiss-policepatches.ch\/home_new\/index.php?rest_route=\/wp\/v2\/pages"}],"about":[{"href":"https:\/\/swiss-policepatches.ch\/home_new\/index.php?rest_route=\/wp\/v2\/types\/page"}],"author":[{"embeddable":true,"href":"https:\/\/swiss-policepatches.ch\/home_new\/index.php?rest_route=\/wp\/v2\/users\/1"}],"replies":[{"embeddable":true,"href":"https:\/\/swiss-policepatches.ch\/home_new\/index.php?rest_route=%2Fwp%2Fv2%2Fcomments&post=4"}],"version-history":[{"count":1321,"href":"https:\/\/swiss-policepatches.ch\/home_new\/index.php?rest_route=\/wp\/v2\/pages\/4\/revisions"}],"predecessor-version":[{"id":37397,"href":"https:\/\/swiss-policepatches.ch\/home_new\/index.php?rest_route=\/wp\/v2\/pages\/4\/revisions\/37397"}],"wp:attachment":[{"href":"https:\/\/swiss-policepatches.ch\/home_new\/index.php?rest_route=%2Fwp%2Fv2%2Fmedia&parent=4"}],"curies":[{"name":"wp","href":"https:\/\/api.w.org\/{rel}","templated":true}]}}